35)/(-4))*(-6 + 10) is divided by 43?
40
Let f(j) = -j**2 - j + 31. Calculate the remainder when 92 is divided by f(0).
30
Suppose 4*t = t + 129. Let g = 74 - t. What is the remainder when g is divided by 16?
15
Suppose -a = -2*l + 17, 7 = -2*a + 1. What is the remainder when 12 is divided by l?
5
Let r(n) = -n**3 + 3*n + 2. Let f = 34 + -24. Calculate the remainder when f is divided by r(-2).
2
Let w be (-12)/8 - (-19)/2. Let y = w - -7. What is the remainder when 59 is divided by y?
14
Let q(l) = -l**2 - 10*l - 8. Calculate the remainder when 268/7 + 4/(-14) is divided by q(-7).
12
Suppose 6*q - 140 = 2*q. Suppose q = 2*m - 7*m. Let z = 12 - m. Calculate the remainder when z is divided by 11.
8
Suppose 3*u = 4*u - 29. Let m(w) = -8*w + 2. Calculate the remainder when u is divided by m(-1).
9
Let j = -25 + 69. Calculate the remainder when j is divided by 23.
21
Suppose 4*u = 5*u - 37. Let m = 52 + -33. What is the remainder when u is divided by m?
18
Let v = 10 + 8. What is the remainder when 50 is divided by v?
14
Let h = 2 + 14. Let t = 136 - 73. What is the remainder when t is divided by h?
15
Let s = -113 - -71. Calculate the remainder when (3 + (1 - s))/2 is divided by 6.
5
Let o = 5 - -1. Calculate the remainder when 23 is divided by o.
5
Let d(n) = -n**2 + 7*n + 37. What is the remainder when d(9) is divided by 12?
7
Let m = -5 + 7. Let y be 9 - (2 + (m - 6)). Suppose -57 = -4*d + y. Calculate the remainder when d is divided by 6.
5
Let n be (-448)/(-35) + 1/5. Let b = 3 + n. Calculate the remainder when 29 is divided by b.
13
Suppose 0 = -3*x + 3*f + f + 97, 2*x - 2*f = 64. Let g be 2 - (0 + -1 + 0). Suppose 55 = 2*r + g*r. What is the remainder when x is divided by r?
9
Suppose z + 4 = 5*n - n, 4*z - 8 = 4*n. Let b = 19 + 32. Suppose -n*h = h - b. Calculate the remainder when h is divided by 9.
8
What is the remainder when (2/(-5))/((3 + -10)/1015) is divided by 30?
28
Calculate the remainder when (418/18 - 14/63)/1 is divided by 12.
11
Let v(g) be the second derivative of -4*g**3/3 + g**2/2 + g. Let z = 5 + 20. What is the remainder when z is divided by v(-1)?
7
Suppose 14 = 2*v + 2. Suppose 4*g - 12 = g. Calculate the remainder when v is divided by g.
2
Let l(h) = -h**3 + 9*h**2 - 7*h + 8. Calculate the remainder when 61 is divided by l(8).
13
Let z be (1 - -26) + (-6 - -4). Suppose z = 2*s + 3*s. Calculate the remainder when s is divided by 2/(-6) - (-30)/9.
2
Suppose s - 24 = -3*s. Suppose s*c - 25 = c. What is the remainder when 22 is divided by c?
2
Let c = 17 + 71. What is the remainder when c is divided by 18?
16
Let q = 100 - 71. Calculate the remainder when 85 is divided by q.
27
Let w(d) = d**2 + 3*d + 10. What is the remainder when 39 is divided by w(-4)?
11
Let b = -2 - -5. Suppose 4*z - 5 + 1 = 0, 28 = 5*m - 2*z. Calculate the remainder when m is divided by b.
0
Suppose 4*m = 6*m + 5*k - 42, -4*m - 4*k = -60. Calculate the remainder when 29 is divided by m.
7
Suppose -4*h + 180 = 4*j, -h + 41 + 1 = -2*j. Let u = h - 25. What is the remainder when 56 is divided by u?
18
Suppose 25 = 2*l - a - 15, 4*a = -l + 11. Calculate the remainder when 55 is divided by l.
17
Suppose 21*v - 26*v = -15. Suppose -6*a + 4*a = -5*n + 1, 2 = 4*n - a. Calculate the remainder when v is divided by n.
0
Let x = 80 - 56. Calculate the remainder when x is divided by 9.
6
Suppose -4*u = -2*u - 4. Let n(c) = 4 - 2*c**2 + 0*c**2 + c**u + 2*c - 10*c. What is the remainder when 46 is divided by n(-6)?
14
Let p = 9 - -2. Calculate the remainder when 30 is divided by p.
8
Let o be (9/6)/(3/4). What is the remainder when o - (-67 - -2 - 0) is divided by 23?
21
Let v = -8 - -8. Suppose 5*o + 4*r = -0*o + 297, r - 3 = v. Calculate the remainder when o is divided by 10.
7
Let a(m) = m - 3. Let f be a(3). Suppose f = -2*k - 3 + 47. Let i(j) = 3*j**2 + j - 2. What is the remainder when k is divided by i(2)?
10
Let g(o) = -o**3 - o**2 + 3*o + 2. Let w be g(-2). Suppose m + 3*m - 4 = 0, -i + 4*m + 14 = w. Calculate the remainder when i is divided by 5.
3
Suppose 4*o = 11*o - 35. What is the remainder when 17 is divided by o?
2
Let d(t) = -2*t + 6. Let r be d(7). What is the remainder when 1 + -2 - (4 + -56) is divided by 27 - (r/(-2) + -3)?
25
Suppose -q = 5*v + 9, -6*q + 3*v = -2*q - 33. Suppose -3*p + 3*a + 60 = 0, 3*a + 15 = -2*a. What is the remainder when p is divided by q?
5
Let j(z) be the first derivative of z**3/3 + 2*z**2 + z + 3. Let n be j(-5). Let t = -3 + n. Calculate the remainder when 7 is divided by t.
1
Suppose -2*r = -3*f + 145, 0*f - f = 5*r - 54. What is the remainder when f is divided by 17?
15
Let x = 140 + -16. Calculate the remainder when x is divided by 16.
12
Suppose -3*h - 293 = -5*o - 27, 3 = h. What is the remainder when o is divided by 30?
25
Let b(w) = 5*w**3 - w**2 + 2*w - 1. Let o be b(1). Let v = o - 3. What is the remainder when v is divided by 1?
0
Suppose 5*r - k = -133, r - 6*r = 2*k + 124. Suppose 4*b = 131 + 17. Calculate the remainder when b is divided by 1/(0 - 2/r).
11
Let l(s) = -s**3 - 11*s**2 - 11*s + 6. Let n be l(-10). Suppose -b = -n - 1. What is the remainder when 50 is divided by b?
16
Let y(v) = -v**3 + 8*v**2 + 11*v - 8. Let s be -2 + 3 + 2*4. Let o = 5 - -23. What is the remainder when o is divided by y(s)?
8
Suppose -2*s - 72 = -3*v, 5*v + 3*s - 105 + 4 = 0. What is the remainder when 152 is divided by v?
20
Let c(v) = -v**3 + 2*v**2 - 1. Let x be c(3). What is the remainder when 8/x*1015/(-14) is divided by 20?
18
Suppose -2*h = -2*r + 2, r - 3 = -2. Suppose -p = -h*p - 11. Suppose 0 = -j - 2 + p. Calculate the remainder when 26 is divided by j.
8
Let a(d) = d**2 - 4*d - 2. What is the remainder when a(7) is divided by 7?
5
Suppose 2*g + 20 = 2*v, -2*v + 18 = 3*g - 7*g. Suppose -3*z = -37 - 2. Suppose b - 92 = -5*q, 3*b - z = -q + b. What is the remainder when q is divided by v?
8
Let n = -2 - -13. Calculate the remainder when 20 is divided by n.
9
Let k(v) = 3*v**2 + 4*v - 1. Calculate the remainder when (-216)/48*200/(-6) is divided by k(3).
36
Let w be (-61)/5 - 5/(-25). Suppose 2*x + 58 = 6*x + 2*o, -x - 13 = -5*o. Calculate the remainder when (-69)/(-2) - (-6)/w is divided by x.
10
Let r be 1 - -1 - (4 + -4). Suppose r*a = 6 + 4. What is the remainder when a is divided by (-9)/2*(-6)/9?
2
Let f(b) = -3*b + 17. What is the remainder when 7 is divided by f(4)?
2
Let r be (1 + -4)/(2/4). Calculate the remainder when (2/r)/((-2)/222) is divided by 10.
7
Suppose -5*c = 5*q - 3*q - 21, -c - 9 = -4*q. Suppose -5*f + c*d = -13, -f - 4*d + 25 = d. Calculate the remainder when 13 is divided by f.
3
Let u(x) = -x**2 + 3*x + 4. Let s be u(4). Let k = -37 + s. Let n = k - -63. What is the remainder when n is divided by 14?
12
Let d = -118 - -63. Let g = -34 - d. Let s(a) = -a**3 + 5*a**2 + 6*a + 6. What is the remainder when g is divided by s(6)?
3
Let b be 172/(-14) - (-16)/56. Let q(f) = -f**2 + 7*f - 3. Let t be q(7). What is the remainder when 14 is divided by (-2)/t - 88/b?
6
What is the remainder when (-891)/(-15) + (-2)/5 is divided by 20?
19
Let h = 15 + -4. Calculate the remainder when h is divided by 6.
5
Suppose j - 12 = -3*j. Suppose 0 = a + 3*i - 0 - 17, 5*i - 63 = -j*a. Suppose -3*x + 15 = -x - u, 2*x - 12 = 2*u. What is the remainder when a is divided by x?
8
What is the remainder when 26 is divided by ((-6)/12)/(1/(-18))?
8
Let x(v) = -6*v - 1. Let y(n) = 1 - 2*n**2 + 6*n**2 + n**2 + n + 0. Calculate the remainder when y(-2) is divided by x(-2).
8
Let q(s) = -s + 1. Let y be q(-6). Suppose 0*g = g - y. Let i(x) = -x**3 + 9*x**2 + x + 10. What is the remainder when i(9) is divided by g?
5
Let p = 12 - 0. What is the remainder when 82 is divided by p?
10
Let x(o) = -o + 9. Calculate the remainder when 40 is divided by x(-5).
12
Let y(h) = -h**3 - 9*h**2 - 2*h - 13. Let p be y(-9). Let j = p - 3. Suppose 3*n = -j*n + 65. Calculate the remainder when 24 is divided by n.
11
Let j(c) = -c**3 + 12*c**2 + 14*c - 15. Let g be j(13). Calculate the remainder when (-1)/g - 79/(-2) is divided by 21.
19
Suppose -3*n = -k + 26, 2*n + k = -3*k - 22. What is the remainder when 52 is divided by 3/n - (-55)/3?
16
Let l(k) = -k**3 - 6*k**2 - 8*k - 15. What is the remainder when l(-6) is divided by 9?
6
Let x = 